t j(h) = 6 + 9 - 10 + h + 13. Let w be j(-10). Let y = w + 17. Is y a prime number?
False
Suppose 0 = -4*p + 2*p + 6. Suppose 12 + 0 = p*x. Suppose 536 + 108 = x*c. Is c composite?
True
Let b(f) be the third derivative of 1/6*f**3 + 0 + 0*f + 2*f**2 - 1/12*f**4. Is b(-7) prime?
False
Suppose 0 = 2*t + s - 862, 0 = t + 5*s - 341 - 99. Let w be (219/2)/3*-6. Let m = t + w. Is m composite?
False
Let i = 12584 + -5781. Is i composite?
False
Let y(t) = t**3 - t**2 + t + 1. Let z(d) = d**3 + 3*d - 2. Suppose 2*w + 7 = -4*s + w, -5*w - 11 = -4*s. Let o(j) = s*z(j) + 2*y(j). Is o(3) a composite number?
True
Let i(m) = 150*m - 188*m - 229*m. Is i(-1) prime?
False
Suppose n - 148 = 5*t, -4*n - 2*t + 272 = -2*n. Let g = -60 + n. Suppose -j = j - g. Is j composite?
True
Let p(f) = f**3 + 11*f**2 + 11*f - 8. Let i = -9 - 0. Is p(i) a prime number?
False
Suppose 408 = 2*u - 706. Is u a prime number?
True
Let u = -12 - -43. Is u composite?
False
Let c = -8 + 6. Is ((-15)/c)/((-1)/(-2)) a prime number?
False
Let u be ((-5)/4)/((-1)/364). Let x = 666 - u. Is x composite?
False
Is (-232)/12*(-4)/(24/45) composite?
True
Let h(p) = -p**2 - 7*p - 8. Let f be h(-6). Let b(i) = -3*i**2 - 3*i. Let g be b(f). Is 2/4 - 531/g a prime number?
True
Let d = -9 - -2. Is 46/(-2)*(6 + d) a prime number?
True
Let z(g) = -11*g + 2. Let t be z(-4). Let v = 88 + -65. Suppose 5*q + v = k, -2*k + q + t = 6*q. Is k a prime number?
True
Let y = 8 + -5. Let p be ((-8)/12)/(3/(-18 + 0)). Suppose 4*l - 824 = -y*n, p*l + 187 = 5*l - 4*n. Is l prime?
False
Let o(h) = -h**3 + 9*h**2 + 13*h + 4. Suppose 3*n - 11 = 19. Is o(n) prime?
False
Suppose 4*p = p + 9. Suppose -p*y = -0*y - 291. Is y composite?
False
Let n(g) = -5*g**2 - 11*g - 3. Let h(z) = -z**2 - z. Let j(r) = -3*h(r) + n(r). Let i be j(-6). Is (9/i)/(2/(-708)) prime?
False
Suppose 1 = -j + 6. Let d = 1 - j. Is (191/2)/(d/(-8)) a composite number?
False
Let c(g) = -g + 4. Let k be c(2). Let m be 2/4 + (-27)/k. Let b = 22 - m. Is b prime?
False
Let p be -10*1/(-2) + -2. Let f(b) = 53*b - 4. Is f(p) a prime number?
False
Let o = -499 + 1002. Let k = o + -252. Is k prime?
True
Suppose 4*v + 4*t - 480 = 0, 4*t - 590 = -5*v + 9*t. Is v a prime number?
False
Let v be (8/10)/(14/35). Suppose -2*u - 4*c = -0*u - 746, -4*u - v*c + 1468 = 0. Is u a composite number?
True
Suppose 2573 = 5*q + 2*f, 2062 = 4*q - 2*f - 0*f. Is q a prime number?
False
Let t(i) = -i**3 + 9*i**2 - 8*i - 9. Let f be t(7). Suppose 2*a = -f + 187. Is a a prime number?
False
Let j = 1145 + -811. Is j composite?
True
Is 201/(-2)*(-4 + 2) prime?
False
Suppose -b = 2 + 6. Let f be b/6*9/(-6). Suppose -3*c = -f*c - 55. Is c a composite number?
True
Let h(a) = -5*a - 3. Let x(f) = f + 10. Let n be x(-8). Let b(r) = -1. Let d(z) = n*b(z) + h(z). Is d(-4) composite?
True
Suppose 1 + 19 = -4*u. Let h(v) = -43*v**2 + 6*v + 3. Let m be h(u). Is m/(-14) + (-6)/(-21) a composite number?
False
Let t(k) = -55*k - 6. Let w be t(-5). Let o = -147 + w. Is o composite?
True
Suppose -3*h = -0*h, -2*h = 5*g - 15. Is (26/4)/(g/42) a prime number?
False
Suppose u + u - 250 = 0. Suppose 2*n + 2*n - 187 = -5*g, -4*g + 5*n = -u. Is g prime?
False
Suppose 2*z - 5*k + 11 - 30 = 0, -2*k - 6 = 0. Suppose 3*p = -p + 156. Suppose a + z*a = p. Is a composite?
False
Suppose -3*h - 5*b + 864 = 0, b + 0*b - 290 = -h. Is h composite?
False
Let o(w) = w**3 + 7*w**2 - 4*w - 5. Is o(-6) composite?
True
Is 1*(149 + -4 + 4) composite?
False
Let g(d) = 2*d - 18. Let c(b) = b - 19. Let j(t) = -3*c(t) + 2*g(t). Is j(0) a composite number?
True
Let g(s) = -s**2 + 7*s + 1. Let c be g(6). Suppose 0 = -c*w + 2*w + 25. Suppose -4*k - 5*h + 39 = -27, -2*k + 38 = w*h. Is k a prime number?
False
Let y = 372 + -229. Is y a composite number?
True
Suppose -17 - 3 = 4*r, 4*r + 160 = 2*j. Let m = j + -31. Let b = -28 + m. Is b composite?
False
Let b(u) = 4*u**2 + 2*u - 3. Let x = 11 + -16. Is b(x) composite?
True
Suppose -5*b = -4*w + 687, 5*w - 198 = 4*w - 4*b. Is w composite?
True
Is -6 - -3 - -1 - -33 a prime number?
True
Let c(j) = 5*j + 5. Let d(m) = -24*m - 24. Let a(k) = -14*c(k) - 3*d(k). Let p be a(5). Let l = 25 - p. Is l composite?
False
Is 6315/(-6)*(-3 - -1) composite?
True
Suppose 32 = l - 2*l - 4*d, -2*d = -8. Let b = l + 103. Suppose -m - m = i - b, 2*i - 110 = 2*m. Is i a prime number?
False
Let d = 1025 + -403. Is d a composite number?
True
Suppose 10*n - 15*n + 885 = 0. Is n composite?
True
Let a be -2 + 1*(-1 + 3). Suppose g - c = 2*c + 113, -5*g - 3*c + 565 = a. Is g a prime number?
True
Suppose -2*c - 30 = -7*c. Is 166/3 - c/18 a composite number?
True
Let h be (-46)/8 - (-3)/(-12). Is 3 - h/(-3)*-17 composite?
False
Let b(p) = -8*p**3 - 4*p**2 - 5. Is b(-5) composite?
True
Let c = 2362 + -1649. Is c prime?
False
Suppose 4*a - 376 = -4*y, 4*a + 2*y = -3*y + 381. Is a a prime number?
True
Is 190 + ((-12)/(-36))/(2/(-18)) composite?
True
Let f(z) = z**2 - 5*z + 37. Is f(0) prime?
True
Is ((-3)/2)/(18/(-2220)) composite?
True
Let g be ((-36)/15)/((-6)/20). Suppose -225 = -7*x + 419. Suppose -4*l = -g*l + x. Is l a composite number?
False
Let o be 16/(-4) - (-1 - 1). Let d be (-4)/(-6) + 440/15. Is (100/d)/(o/(-87)) a prime number?
False
Let o(d) = -4*d**3 - 3*d**2 - d - 1. Let l be o(-2). Let b be (-3)/(-12) + 19/4. Suppose l + b = 2*m. Is m a composite number?
False
Let o be 1 + -1 - (-3 - -5). Is (o - -3)/((-2)/(-74)) a prime number?
True
Suppose 2*g - 870 - 1444 = 3*b, 3*g - 3433 = -5*b. Is g prime?
True
Suppose 4 = 4*a, q = -0*q - 2*a + 128. Suppose -3*u = -591 + q. Suppose -3*t + u = 2*t. Is t a prime number?
True
Let c(t) = t - 6. Let u be c(5). Is 2 - (u + -1 + 1) prime?
True
Suppose -337 = -5*d - 1552. Is (-4)/(-10) - d/5 a prime number?
False
Suppose -4*l = -2*q - 10, -4*l + 9 = 3*q - 4*q. Let y = q + 4. Suppose -9 = -y*z + 21. Is z composite?
True
Suppose 3*r = -3*w + 1479, -2*r - 2*r + 499 = w. Is w a composite number?
False
Let o = -1 - -1. Suppose o = 5*x, -5*v + 5*x = -8 - 117. Is v composite?
True
Suppose 3*o + 4 = o. Let g(m) = -2*m - 1. Let a be g(o). Suppose 316 + 29 = a*k. Is k prime?
False
Suppose -4*q + 2*u + 1152 + 470 = 0, 0 = 2*u - 6. Is q a prime number?
False
Let j(b) = -7*b**3 - 8*b**2 - 6*b + 1. Let z be j(-5). Let t = z - 1239. Let n = t + 1002. Is n composite?
True
Suppose -2*d + 4 = -0. Is ((-996)/15)/(d/(-5)) a prime number?
False
Suppose -2*v - 89 = 5*k - 372, 3*v = -3*k + 177. Is k prime?
False
Let t = -16 - -6. Let o be (-2)/4*t - -1. Is ((-10)/o)/((-2)/42) a composite number?
True
Let c(b) = 4*b**2 - 7*b - 22. Is c(13) composite?
False
Suppose 0*i + 5*i - 25 = 0. Suppose -6*b + 127 = -b + 2*m, -4*b + 4*m = -96. Suppose i*w = b + 30. Is w a prime number?
True
Suppose 3*h = -2*h + 15. Suppose q - 96 = h*a, 5*q = -2*a + 540 + 25. Suppose s = -2*s + q. Is s a composite number?
False
Suppose 5*c + t = 2211, t - 885 = 2*c - 4*c. Suppose -3*g - 3 = 0, g + c = 5*q - g. Suppose -1 = x, d = -2*d - 5*x + q. Is d composite?
False
Suppose -m + 2*q = -149, 7*m - 5*q = 3*m + 590. Is m prime?
False
Let n = -5 + 7. Let v be 299 + 2/((-2)/n). Suppose 2*s = -m + v, 4*s + 3*m - 444 = s. Is s prime?
True
Let b be (-3)/9*(0 - 0). Suppose m - l - 118 - 22 = 0, -4*m - 2*l + 578 = b. Is m prime?
False
Suppose -4*d + 30 = -0*z + z, 0 = 2*d - 2*z - 20. Suppose -l - d = -5*l. Is 237/l*8/12 a prime number?
True
Let n be (-12 - -11) + 2*2. Suppose -102 = n*p - 6*p. Is p a prime number?
False
Let q = 4 - 0. Suppose -q*j = 3*b - b - 94, 0 = -2*b - 5*j + 89. Is b a prime number?
False
Suppose 2*j - 21 = -2*u - 7, 4*u - 8 = j. Suppose r + 1235 = 6*r - j*x, 4*x = 20. Is r a prime number?
True
Let z(u) = -5*u + 2569. Is z(0) a prime number?
False
Let y = 31 - 8. Let i be ((-6)/8)/(1/8). Is y/(-2)*(-12 - i) prime?
False
Let g(d) = 0 - 7*d - 12*d - 8 - 2. Is g(-9) composite?
True
Let v = 0 - -6. Let z(f) = -f**2 - 3*f + 2 - f - v*f. Is z(-7) a prime number?
True
Is 7/1 - 3 - -259 a prime number?
True
Suppose 265 = -3*v - 3*a - 17, 0 = 2*v - 5*a + 188. Let y = 72 - v. Is y/3 - 2/6 a composite number?
True
Suppose 19 + 29 = 3*c. Let f = c + 19. Is f a prime number?
False
Suppose 2*v - 408 = -4*t - 0*t, 5*t - 510 = -v. Suppose -r + 5*m - 2*m + 142 = 0, -5*m = r - t. Is r composite?
False
Let a = 275 - 180